{"id":1307,"date":"2022-06-17T14:18:54","date_gmt":"2022-06-17T07:18:54","guid":{"rendered":"https:\/\/dt-corp.com.vn\/?page_id=1307"},"modified":"2022-06-17T14:22:28","modified_gmt":"2022-06-17T07:22:28","slug":"ngfw-sonicwall-giai-phap-tuong-lua-the-he-moi-cua-sonicwall","status":"publish","type":"page","link":"https:\/\/dt-corp.com.vn\/?page_id=1307","title":{"rendered":"NGFW SonicWall &#8211; Gi\u1ea3i ph\u00e1p t\u01b0\u1eddng l\u1eeda th\u1ebf h\u1ec7 m\u1edbi c\u1ee7a SonicWall"},"content":{"rendered":"\t\t<div data-elementor-type=\"wp-page\" data-elementor-id=\"1307\" class=\"elementor elementor-1307\" data-elementor-settings=\"[]\">\n\t\t\t\t\t\t\t<div class=\"elementor-section-wrap\">\n\t\t\t\t\t\t\t<section class=\"elementor-section elementor-top-section elementor-element elementor-element-238015cb elementor-section-boxed elementor-section-height-default elementor-section-height-default\" data-id=\"238015cb\" data-element_type=\"section\">\n\t\t\t\t\t\t<div class=\"elementor-container elementor-column-gap-default\">\n\t\t\t\t\t<div class=\"elementor-column elementor-col-100 elementor-top-column elementor-element elementor-element-28293571\" data-id=\"28293571\" data-element_type=\"column\">\n\t\t\t<div class=\"elementor-widget-wrap elementor-element-populated\">\n\t\t\t\t\t\t\t\t<section class=\"elementor-section elementor-inner-section elementor-element elementor-element-826a82f elementor-section-boxed elementor-section-height-default elementor-section-height-default\" data-id=\"826a82f\" data-element_type=\"section\">\n\t\t\t\t\t\t<div class=\"elementor-container elementor-column-gap-default\">\n\t\t\t\t\t<div class=\"elementor-column elementor-col-50 elementor-inner-column elementor-element elementor-element-2ce2fde\" data-id=\"2ce2fde\" data-element_type=\"column\">\n\t\t\t<div class=\"elementor-widget-wrap elementor-element-populated\">\n\t\t\t\t\t\t\t\t<div class=\"elementor-element elementor-element-c9f314c elementor-widget elementor-widget-image\" data-id=\"c9f314c\" data-element_type=\"widget\" data-widget_type=\"image.default\">\n\t\t\t\t<div class=\"elementor-widget-container\">\n\t\t\t\t\t\t\t\t\t\t\t\t\t\t\t<img loading=\"lazy\" decoding=\"async\" width=\"500\" height=\"500\" src=\"https:\/\/dt-corp.com.vn\/wp-content\/uploads\/2022\/06\/sonicwall-sales-digital_pi9i-1s.jpg\" class=\"attachment-large size-large\" alt=\"\" srcset=\"https:\/\/dt-corp.com.vn\/wp-content\/uploads\/2022\/06\/sonicwall-sales-digital_pi9i-1s.jpg 500w, https:\/\/dt-corp.com.vn\/wp-content\/uploads\/2022\/06\/sonicwall-sales-digital_pi9i-1s-300x300.jpg 300w, https:\/\/dt-corp.com.vn\/wp-content\/uploads\/2022\/06\/sonicwall-sales-digital_pi9i-1s-150x150.jpg 150w, https:\/\/dt-corp.com.vn\/wp-content\/uploads\/2022\/06\/sonicwall-sales-digital_pi9i-1s-373x373.jpg 373w, https:\/\/dt-corp.com.vn\/wp-content\/uploads\/2022\/06\/sonicwall-sales-digital_pi9i-1s-80x80.jpg 80w, https:\/\/dt-corp.com.vn\/wp-content\/uploads\/2022\/06\/sonicwall-sales-digital_pi9i-1s-460x460.jpg 460w, https:\/\/dt-corp.com.vn\/wp-content\/uploads\/2022\/06\/sonicwall-sales-digital_pi9i-1s-365x365.jpg 365w\" sizes=\"auto, (max-width: 500px) 100vw, 500px\" \/>\t\t\t\t\t\t\t\t\t\t\t\t\t\t\t<\/div>\n\t\t\t\t<\/div>\n\t\t\t\t\t<\/div>\n\t\t<\/div>\n\t\t\t\t<div class=\"elementor-column elementor-col-50 elementor-inner-column elementor-element elementor-element-b9d6dda\" data-id=\"b9d6dda\" data-element_type=\"column\">\n\t\t\t<div class=\"elementor-widget-wrap elementor-element-populated\">\n\t\t\t\t\t\t\t\t<div class=\"elementor-element elementor-element-a3ab1e2 elementor-widget elementor-widget-text-editor\" data-id=\"a3ab1e2\" data-element_type=\"widget\" data-widget_type=\"text-editor.default\">\n\t\t\t\t<div class=\"elementor-widget-container\">\n\t\t\t\t\t\t\t<p><span style=\"font-weight: bolder;\">T\u1ed5ng quan<\/span><\/p><p>D\u00f2ng t\u01b0\u1eddng l\u1eeda cao c\u1ea5p c\u1ee7a n\u1ec1n t\u1ea3ng d\u1ecbch v\u1ee5 b\u1ea3o m\u1eadt m\u1ea1ng SonicWall (NSsp) cung c\u1ea5p kh\u1ea3 n\u0103ng b\u1ea3o v\u1ec7 m\u1ed1i \u0111e d\u1ecda ti\u00ean ti\u1ebfn, t\u1ed1c \u0111\u1ed9 nhanh v\u00e0 gi\u00e1 c\u1ea3 th\u00e2n thi\u1ec7n v\u1edbi ng\u00e2n s\u00e1ch m\u00e0 c\u00e1c doanh nghi\u1ec7p l\u1edbn, trung t\u00e2m d\u1eef li\u1ec7u v\u00e0 nh\u00e0 cung c\u1ea5p d\u1ecbch v\u1ee5 y\u00eau c\u1ea7u. C\u00e1c t\u00f9y ch\u1ecdn t\u1eeb ki\u1ebfn tr\u00fac \u0111a phi\u00ean b\u1ea3n \u0111\u1ebfn t\u1ea1o ch\u00ednh s\u00e1ch th\u1ed1ng nh\u1ea5t gi\u00fap b\u1ea3o v\u1ec7 m\u00f4i tr\u01b0\u1eddng c\u1ee7a b\u1ea1n \u0111\u01a1n gi\u1ea3n v\u00e0 hi\u1ec7u qu\u1ea3 h\u01a1n. \u0110\u00f3 l\u00e0 an ninh m\u00e0 kh\u00f4ng c\u00f3 s\u1ef1 th\u1ecfa hi\u1ec7p.<\/p><p>\u0110\u01b0\u1ee3c thi\u1ebft k\u1ebf cho c\u00e1c doanh nghi\u1ec7p ph\u00e2n t\u00e1n l\u1edbn, trung t\u00e2m d\u1eef li\u1ec7u, c\u01a1 quan ch\u00ednh ph\u1ee7 v\u00e0 nh\u00e0 cung c\u1ea5p d\u1ecbch v\u1ee5, d\u00f2ng NSsp High-End, k\u1ebft h\u1ee3p c\u00e1c c\u00f4ng ngh\u1ec7 ti\u00ean ti\u1ebfn nh\u01b0 Ki\u1ec3m tra b\u1ed9 nh\u1edb s\u00e2u th\u1eddi gian th\u1ef1c (RTDMI\u2122) v\u1edbi hi\u1ec7u su\u1ea5t t\u1ed1c \u0111\u1ed9 cao.<\/p><p>\u00a0<span style=\"font-weight: bolder; color: var( --e-global-color-text ); font-family: var( --e-global-typography-text-font-family ), Sans-serif;\">T\u00ednh n\u0103ng &amp; L\u1ee3i \u00edch<\/span><\/p><p>\u00a0<em style=\"font-weight: bolder; color: var( --e-global-color-text ); font-family: var( --e-global-typography-text-font-family ), Sans-serif;\">B\u1ea3o v\u1ec7 m\u1ed1i \u0111e d\u1ecda n\u00e2ng cao<\/em><\/p><p>Ng\u0103n ch\u1eb7n Zero-Day v\u00e0 ph\u1ea7n m\u1ec1m \u0111\u1ed9c h\u1ea1i kh\u00f4ng x\u00e1c \u0111\u1ecbnh trong c\u00e1c b\u00e0i h\u00e1t c\u1ee7a n\u00f3 v\u1edbi Ki\u1ec3m tra b\u1ed9 nh\u1edb s\u00e2u th\u1eddi gian th\u1ef1c (RTDMI\u2122) v\u00e0 Ki\u1ec3m tra g\u00f3i s\u00e2u kh\u00f4ng l\u1eafp r\u00e1p l\u1ea1i (RFDPI). K\u1ebft h\u1ee3p c\u00f4ng ngh\u1ec7 on-box m\u1ea1nh m\u1ebd v\u1edbi c\u00e1c b\u1ea3n c\u1eadp nh\u1eadt d\u1ef1a tr\u00ean \u0111\u00e1m m\u00e2y \u0111\u1ec3 \u0111i tr\u01b0\u1edbc c\u00e1c m\u1ed1i \u0111e d\u1ecda.<\/p><p>\u00a0<em style=\"font-weight: bolder; color: var( --e-global-color-text ); font-family: var( --e-global-typography-text-font-family ), Sans-serif;\">T\u01b0\u1eddng l\u1eeda \u0111a phi\u00ean b\u1ea3n<\/em><\/p><p>Th\u1ef1c hi\u1ec7n m\u1ed9t c\u00e1ch ti\u1ebfp c\u1eadn hi\u1ec7n \u0111\u1ea1i \u0111\u1ec3 di s\u1ea3n \u0111a thu\u00ea nh\u00e0 v\u1edbi Multi-Instance s\u1eed d\u1ee5ng ki\u1ebfn tr\u00fac containerized. Ch\u1ea1y nhi\u1ec1u phi\u00ean b\u1ea3n t\u01b0\u1eddng l\u1eeda \u0111\u1ed9c l\u1eadp, phi\u00ean b\u1ea3n ph\u1ea7n m\u1ec1m v\u00e0 c\u1ea5u h\u00ecnh tr\u00ean c\u00f9ng m\u1ed9t ph\u1ea7n c\u1ee9ng m\u00e0 kh\u00f4ng c\u1ea7n qu\u1ea3n l\u00fd nhi\u1ec1u thi\u1ebft b\u1ecb.<\/p><p>\u00a0<em style=\"font-weight: bolder; color: var( --e-global-color-text ); font-family: var( --e-global-typography-text-font-family ), Sans-serif;\">Ch\u00ednh s\u00e1ch th\u1ed1ng nh\u1ea5t cho doanh nghi\u1ec7p hi\u1ec7n \u0111\u1ea1i<\/em><\/p><p>Ch\u00ednh s\u00e1ch th\u1ed1ng nh\u1ea5t cho ph\u00e9p c\u00e1c qu\u1ea3n tr\u1ecb vi\u00ean k\u1ebft h\u1ee3p c\u00e1c quy t\u1eafc truy c\u1eadp v\u00e0 b\u1ea3o m\u1eadt L\u1edbp 3 \u0111\u1ebfn L\u1edbp 7 th\u00e0nh m\u1ed9t ch\u00ednh s\u00e1ch duy nh\u1ea5t \u0111\u1ec3 gi\u1ea3m chi ph\u00ed qu\u1ea3n l\u00fd quy t\u1eafc. T\u1ea1o ch\u00ednh s\u00e1ch tr\u1ef1c quan v\u00e0 quy tr\u00ecnh l\u00e0m vi\u1ec7c tr\u1ef1c quan l\u00e0m gi\u1ea3m l\u1ed7i c\u1ea5u h\u00ecnh v\u00e0 th\u1eddi gian tri\u1ec3n khai \u0111\u1ec3 c\u00f3 t\u01b0 th\u1ebf b\u1ea3o m\u1eadt t\u1ed5ng th\u1ec3 t\u1ed1t h\u01a1n.<\/p><p>\u00a0<em style=\"font-weight: bolder; color: var( --e-global-color-text ); font-family: var( --e-global-typography-text-font-family ), Sans-serif;\">Kh\u1ea3 n\u0103ng m\u1edf r\u1ed9ng v\u00e0 t\u00ednh kh\u1ea3 d\u1ee5ng<\/em><\/p><p>V\u1edbi nhi\u1ec1u t\u00f9y ch\u1ecdn c\u1ea5u h\u00ecnh v\u00e0 tri\u1ec3n khai d\u1ec5 d\u00e0ng x\u00e2y d\u1ef1ng m\u1ed9t chu vi b\u1ea3o m\u1eadt s\u1ebd ph\u00e1t tri\u1ec3n c\u00f9ng v\u1edbi b\u1ea1n. Gi\u1eef cho doanh nghi\u1ec7p c\u1ee7a b\u1ea1n ho\u1ea1t \u0111\u1ed9ng v\u00e0 an to\u00e0n kh\u1ecfi c\u00e1c m\u1ed1i \u0111e d\u1ecda \u0111\u1ed1i v\u1edbi m\u1ea1ng c\u1ee7a b\u1ea1n v\u00e0 h\u01a1n th\u1ebf n\u1eefa v\u1edbi ngu\u1ed3n \u0111i\u1ec7n d\u01b0 th\u1eeba, ng\u01b0\u1eddi h\u00e2m m\u1ed9 v\u00e0 m\u00f4-\u0111un l\u01b0u tr\u1eef t\u00edch h\u1ee3p \u0111\u1ec3 l\u01b0u tr\u1eef nh\u1eadt k\u00fd, b\u00e1o c\u00e1o, t\u1ec7p sao l\u01b0u firmware v\u00e0 h\u01a1n th\u1ebf n\u1eefa.<\/p><p>\u00a0<em style=\"font-weight: bolder; color: var( --e-global-color-text ); font-family: var( --e-global-typography-text-font-family ), Sans-serif;\">Hi\u1ec7u su\u1ea5t t\u1ed1c \u0111\u1ed9 cao<\/em><\/p><p>V\u1edbi m\u1eadt \u0111\u1ed9 c\u1ed5ng cao v\u00e0 nhi\u1ec1u giao di\u1ec7n 100\/40\/10 GbE, x\u1eed l\u00fd v\u00e0i tri\u1ec7u k\u1ebft n\u1ed1i \u0111\u01b0\u1ee3c m\u00e3 h\u00f3a v\u00e0 kh\u00f4ng m\u00e3 h\u00f3a \u0111\u1ed3ng th\u1eddi v\u1edbi c\u00f4ng ngh\u1ec7 ng\u0103n ch\u1eb7n m\u1ed1i \u0111e d\u1ecda v\u00f4 song. Nh\u1eadn \u0111\u01b0\u1ee3c nhi\u1ec1u h\u01a1n t\u1eeb kho\u1ea3n \u0111\u1ea7u t\u01b0 c\u1ee7a b\u1ea1n khi c\u00e1c y\u00eau c\u1ea7u s\u1eed d\u1ee5ng t\u00e0i nguy\u00ean v\u00e0 k\u1ebft n\u1ed1i ph\u00e1t tri\u1ec3n c\u00f9ng v\u1edbi s\u1ef1 b\u00f9ng n\u1ed5 c\u1ee7a c\u00e1c thi\u1ebft b\u1ecb v\u00e0 ng\u01b0\u1eddi d\u00f9ng \u0111\u01b0\u1ee3c k\u1ebft n\u1ed1i.<\/p><p>\u00a0<em style=\"font-weight: bolder; color: var( --e-global-color-text ); font-family: var( --e-global-typography-text-font-family ), Sans-serif;\">T\u1ed5ng chi ph\u00ed s\u1edf h\u1eefu th\u1ea5p<\/em><\/p><p>Gi\u1ea3m chi ph\u00ed v\u1edbi gi\u00e1 c\u1ea3 th\u00e2n thi\u1ec7n v\u1edbi ng\u00e2n s\u00e1ch cho m\u1ed9t ph\u1ea7n c\u1ee9ng v\u00e0 ph\u1ea7n m\u1ec1m th\u00f4ng minh h\u00e0ng \u0111\u1ea7u trong m\u1ed9t n\u1ec1n t\u1ea3ng hi\u1ec7u su\u1ea5t cao. H\u1ee3p l\u00fd h\u00f3a c\u00e1c ho\u1ea1t \u0111\u1ed9ng v\u1edbi qu\u1ea3n l\u00fd m\u1ed9t t\u1ea5m k\u00ednh t\u1eadp trung.<\/p><p>\u00a0<em style=\"font-weight: bolder; color: var( --e-global-color-text ); font-family: var( --e-global-typography-text-font-family ), Sans-serif;\">Th\u00f4ng tin t\u00ecnh b\u00e1o v\u1ec1 m\u1ed1i \u0111e d\u1ecda \u0111\u1eb3ng c\u1ea5p th\u1ebf gi\u1edbi<\/em><\/p><p>Nh\u00f3m nghi\u00ean c\u1ee9u m\u1ed1i \u0111e d\u1ecda sonicwall capture labs thu th\u1eadp, ph\u00e2n t\u00edch v\u00e0 ki\u1ec3m tra th\u00f4ng tin su\u1ed1t ng\u00e0y \u0111\u00eam v\u00e0 tr\u00ean to\u00e0n c\u1ea7u. V\u1edbi \u0111\u1ed9i ng\u0169 chuy\u00ean gia an ninh m\u1ea1ng chuy\u00ean d\u1ee5ng, thu\u1eadt to\u00e1n h\u1ecdc m\u00e1y ti\u00ean ti\u1ebfn v\u00e0 h\u01a1n m\u1ed9t tri\u1ec7u c\u1ea3m bi\u1ebfn b\u1ea3o m\u1eadt tr\u1ea3i r\u1ed9ng tr\u00ean h\u01a1n 200 qu\u1ed1c gia v\u00e0 v\u00f9ng l\u00e3nh th\u1ed5, SonicWall cung c\u1ea5p tr\u00ed th\u00f4ng minh \u0111\u1eb3ng c\u1ea5p th\u1ebf gi\u1edbi, c\u1eadp nh\u1eadt \u0111\u1ec3 c\u00e1c quy\u1ebft \u0111\u1ecbnh c\u00f3 th\u1ec3 \u0111\u01b0\u1ee3c \u0111\u01b0a ra trong nano gi\u00e2y.<\/p><p>\u00a0<em style=\"font-weight: bolder; color: var( --e-global-color-text ); font-family: var( --e-global-typography-text-font-family ), Sans-serif;\">T\u00f9y ch\u1ecdn tri\u1ec3n khai linh ho\u1ea1t<\/em><\/p><p>Tri\u1ec3n khai \u1edf c\u1ea1nh m\u1ea1ng ho\u1eb7c l\u00f5i trung t\u00e2m d\u1eef li\u1ec7u. Tri\u1ec3n khai tr\u00ean n\u1ec1n t\u1ea3ng \u1ea3o h\u00f3a v\u00e0 \u0111\u00e1m m\u00e2y. D\u1ec5 d\u00e0ng th\u00edch nghi v\u1edbi nh\u1eefng thay \u0111\u1ed5i c\u1ea5p \u0111\u1ed9 d\u1ecbch v\u1ee5. Nh\u1eadn b\u1ea3o v\u1ec7 n\u00e2ng cao c\u00f3 th\u1ec3 ph\u00f9 h\u1ee3p t\u00f9y ch\u1ec9nh v\u1edbi nhu c\u1ea7u m\u1ea1ng c\u1ee7a b\u1ea1n, b\u1ea5t k\u1ec3 ph\u1ee9c t\u1ea1p nh\u01b0 th\u1ebf n\u00e0o.<\/p><p>\u00a0<em style=\"font-weight: bolder; color: var( --e-global-color-text ); font-family: var( --e-global-typography-text-font-family ), Sans-serif;\">Qu\u1ea3n l\u00fd t\u1eadp trung d\u1ef1a tr\u00ean \u0111\u00e1m m\u00e2y v\u00e0 t\u1ea1i ch\u1ed7<\/em><\/p><p>\u0110\u1ea1t \u0111\u01b0\u1ee3c kh\u1ea3 n\u0103ng hi\u1ec3n th\u1ecb l\u1edbn h\u01a1n v\u00e0o doanh nghi\u1ec7p c\u1ee7a b\u1ea1n ngay c\u1ea3 khi n\u00f3 tr\u1edf n\u00ean ph\u1ee9c t\u1ea1p h\u01a1n v\u00e0 k\u00e9o d\u00e0i tr\u00ean m\u00f4i tr\u01b0\u1eddng prem, trong \u0111\u00e1m m\u00e2y v\u00e0 lai. C\u00e1c t\u01b0\u1eddng l\u1eeda NSsp c\u00f3 th\u1ec3 \u0111\u01b0\u1ee3c t\u00edch h\u1ee3p ch\u1eb7t ch\u1ebd v\u00e0o h\u1ec7 sinh th\u00e1i SonicWall \u0111\u1ec3 qu\u1ea3n l\u00fd, c\u1ea5p ph\u00e9p, b\u00e1o c\u00e1o v\u00e0 ph\u00e2n t\u00edch m\u1ed9t t\u1ea5m k\u00ednh.<\/p>\t\t\t\t\t\t<\/div>\n\t\t\t\t<\/div>\n\t\t\t\t\t<\/div>\n\t\t<\/div>\n\t\t\t\t\t\t\t<\/div>\n\t\t<\/section>\n\t\t\t\t<div class=\"elementor-element elementor-element-7d62588b elementor-widget elementor-widget-text-editor\" data-id=\"7d62588b\" data-element_type=\"widget\" data-widget_type=\"text-editor.default\">\n\t\t\t\t<div class=\"elementor-widget-container\">\n\t\t\t\t\t\t\t\t\t\t\t\t\t<\/div>\n\t\t\t\t<\/div>\n\t\t\t\t\t<\/div>\n\t\t<\/div>\n\t\t\t\t\t\t\t<\/div>\n\t\t<\/section>\n\t\t\t\t\t\t<\/div>\n\t\t\t\t\t<\/div>\n\t\t","protected":false},"excerpt":{"rendered":"<p class=\"tx-excerpt\">T\u1ed5ng quan D\u00f2ng t\u01b0\u1eddng l\u1eeda cao c\u1ea5p c\u1ee7a n\u1ec1n t\u1ea3ng d\u1ecbch v\u1ee5 b\u1ea3o m\u1eadt m\u1ea1ng SonicWall (NSsp) cung c\u1ea5p kh\u1ea3 n\u0103ng b\u1ea3o v\u1ec7 m\u1ed1i \u0111e d\u1ecda ti\u00ean ti\u1ebfn, t\u1ed1c \u0111\u1ed9 nhanh v\u00e0 gi\u00e1","protected":false},"author":3,"featured_media":0,"parent":137,"menu_order":0,"comment_status":"closed","ping_status":"closed","template":"","meta":{"footnotes":""},"class_list":["post-1307","page","type-page","status-publish","hentry"],"jetpack_sharing_enabled":true,"_links":{"self":[{"href":"https:\/\/dt-corp.com.vn\/index.php?rest_route=\/wp\/v2\/pages\/1307","targetHints":{"allow":["GET"]}}],"collection":[{"href":"https:\/\/dt-corp.com.vn\/index.php?rest_route=\/wp\/v2\/pages"}],"about":[{"href":"https:\/\/dt-corp.com.vn\/index.php?rest_route=\/wp\/v2\/types\/page"}],"author":[{"embeddable":true,"href":"https:\/\/dt-corp.com.vn\/index.php?rest_route=\/wp\/v2\/users\/3"}],"replies":[{"embeddable":true,"href":"https:\/\/dt-corp.com.vn\/index.php?rest_route=%2Fwp%2Fv2%2Fcomments&post=1307"}],"version-history":[{"count":4,"href":"https:\/\/dt-corp.com.vn\/index.php?rest_route=\/wp\/v2\/pages\/1307\/revisions"}],"predecessor-version":[{"id":1312,"href":"https:\/\/dt-corp.com.vn\/index.php?rest_route=\/wp\/v2\/pages\/1307\/revisions\/1312"}],"up":[{"embeddable":true,"href":"https:\/\/dt-corp.com.vn\/index.php?rest_route=\/wp\/v2\/pages\/137"}],"wp:attachment":[{"href":"https:\/\/dt-corp.com.vn\/index.php?rest_route=%2Fwp%2Fv2%2Fmedia&parent=1307"}],"curies":[{"name":"wp","href":"https:\/\/api.w.org\/{rel}","templated":true}]}}